
-14
Let f(n) = n**3 - 676*n**2 - 714*n + 25051. Calculate f(677).
2
Let o(k) = k**2 + 4*k - 3245. Calculate o(47).
-848
Let p(i) = -i**3 + 124*i**2 - 1376*i + 107. Calculate p(12).
-277
Let x(u) = 40799*u + 81584. What is x(-2)?
-14
Let n(q) = q**2 - 11559*q + 402999. Calculate n(35).
-341
Let z(i) = -i**3 + 1491*i**2 - 231441*i + 171. What is z(176)?
-5
Let w(c) = -667*c - 161582. Give w(-243).
499
Let k(m) = 2*m**3 - 112*m**2 - 237*m + 52. Calculate k(58).
-238
Let b(z) = 135*z**2 - 38375*z - 145446. What is b(288)?
-6
Let t(p) = -71*p**2 + 3703*p - 4182. Calculate t(51).
0
Let v(d) = 207*d**2 + 9726*d - 113. What is v(-47)?
28
Let i(s) = -s**3 - 265*s**2 - 418*s + 28437. Determine i(-263).
33
Let m(b) = 6*b**2 + 274*b + 259. What is m(-46)?
351
Let j(l) = -2*l**2 - 18293*l - 91456. Give j(-5).
-41
Let d(i) = 1763*i + 3588. Calculate d(-2).
62
Let u(s) = 3674*s + 150765. Give u(-41).
131
Let t(v) = -44*v**2 + 8995*v - 12794. What is t(203)?
-5
Let f(c) = -11*c**3 + 3807*c**2 - 342*c - 786. Give f(346).
598
Let s(d) = -4698*d - 28724. Determine s(-6).
-536
Let u(c) = 8*c**3 + 13*c**2 - 785*c + 1467. Calculate u(2).
13
Let g(r) = 4*r**2 - 171*r - 9897. Determine g(-33).
102
Let y(s) = -s**2 - 123*s + 2398. Determine y(14).
480
Let t(c) = 16*c**2 + 1464*c - 9366. Give t(6).
-6
Let t(i) = -2*i**2 + 96*i + 30345. What is t(150)?
-255
Let w(n) = n**3 + 6*n**2 - 3855*n - 26941. Calculate w(-7).
-5
Let b(c) = 5*c**2 + 1506*c - 20430. Calculate b(13).
-7
Let v(c) = -13309*c + 3752953. What is v(282)?
-185
Let h(f) = 55*f - 5463. What is h(111)?
642
Let l(k) = -5*k**2 - 3229*k + 12996. Determine l(4).
0
Let y(h) = -h**3 - 26*h**2 - 15*h - 49. What is y(-26)?
341
Let a(g) = -g**3 - 802*g**2 - 129117*g + 26. What is a(-223)?
26
Let t(s) = 50755*s - 7765517. Determine t(153).
-2
Let b(l) = -2078*l - 18791. What is b(-9)?
-89
Let a(y) = 4*y**2 - 351*y + 7727. Calculate a(44).
27
Let a(s) = s**3 - 21*s**2 + 390*s - 6700. Give a(19).
-12
Let w(l) = -3*l**2 - 146*l + 1285. Determine w(-57).
-140
Let y(u) = 3*u**3 - 8*u**2 + 1718*u - 3446. Give y(2).
-18
Let v(a) = -a**2 + 736*a - 44224. Give v(670).
-4
Let o(r) = r**3 - 189*r**2 + 579*r - 38338. Calculate o(187).
-3
Let m(n) = -n**3 + 8*n**2 - 90*n + 994. Calculate m(9).
103
Let j(u) = 3*u**3 + 225*u**2 - 222*u - 83. Calculate j(-76).
-539
Let o(j) = -3*j**2 + 678*j - 38203. What is o(119)?
-4
Let k(v) = v**3 - 63*v**2 + 1010*v - 426. What is k(31)?
132
Let d(o) = 20491*o + 122948. Give d(-6).
2
Let n(t) = -t**2 - 272*t - 4970. Give n(-22).
530
Let w(t) = 853*t - 27247. Calculate w(31).
-804
Let w(z) = -8*z**2 + 389*z + 11184. What is w(-24)?
-2760
Let z(q) = -14609*q**2 - 204529*q - 41. Determine z(-14).
1
Let y(f) = 1149*f + 8166. What is y(-6)?
1272
Let i(b) = -460*b**3 + 27*b**2 - 31*b - 10. Give i(1).
-474
Let s(u) = -11548*u**2 + 10647254*u + 1839. Give s(922).
-5
Let f(j) = 1029*j**2 - 14379*j - 9. Calculate f(14).
369
Let h(p) = -3394*p + 170228. Calculate h(50).
528
Let x(v) = -v**2 + 1247*v - 354340. Calculate x(438).
2
Let l(n) = n**2 - 141*n - 9926. Give l(-48).
-854
Let q(x) = -143*x**2 + 3226*x - 22427. What is q(7)?
-6852
Let b(p) = -p**2 + 142*p + 84225. What is b(370)?
-135
Let a(l) = 127*l**2 + 99*l - 196. Give a(2).
510
Let g(t) = 2*t**3 - 890*t**2 - 862*t - 13375. What is g(446)?
5
Let n(z) = z**3 + 209*z**2 + 601*z - 3226. What is n(-206)?
276
Let w(i) = 4*i**2 + 18567*i + 55707. Determine w(-3).
42
Let l(z) = 452698*z + 11317459. What is l(-25)?
9
Let x(j) = 24877*j + 271. Give x(0).
271
Let d(h) = -h**3 + 70*h**2 - 264*h + 61. Determine d(66).
61
Let h(u) = 8*u**2 - 3805*u - 66989. Give h(-17).
8
Let d(s) = 162*s - 4612. Calculate d(24).
-724
Let u(j) = 28660*j - 114689. Give u(4).
-49
Let b(l) = -44*l + 628. Determine b(16).
-76
Let p(y) = -y**2 + 194620*y + 5450150. What is p(-28)?
6
Let q(r) = 3*r**3 + 13*r**2 - 12*r - 29. Determine q(-9).
-1055
Let w(a) = -a**3 - 337*a**2 + 12206*a + 124. Calculate w(33).
-8
Let i(q) = 528*q + 28701. Give i(-54).
189
Let d(i) = 5892*i - 153166. Calculate d(26).
26
Let b(j) = -918*j**3 - 2*j**2 + 464*j - 461. Calculate b(1).
-917
Let y(j) = j**3 - 180*j**2 + 1207*j + 593. What is y(173)?
-99
Let t(x) = 1561030*x + 40586774. Give t(-26).
-6
Let c(m) = 2*m**2 + 44*m + 149. Determine c(-42).
1829
Let f(l) = -7*l**2 + 5809*l - 225663. Determine f(789).
-9
Let i(h) = h**2 - 137*h + 769. Calculate i(131).
-17
Let r(w) = 597*w - 35804. Give r(60).
16
Let c(u) = -u**3 - 41*u**2 + 166*u + 1982. What is c(-44)?
486
Let z(n) = -n**3 + 289*n**2 - 1107*n - 1561. Give z(5).
4
Let l(v) = 7*v**3 + 15*v**2 - 147*v + 1436. What is l(-8)?
-12
Let x(n) = n**2 - 19834*n + 79320. Calculate x(4).
0
Let n(s) = 75*s - 4437. Give n(59).
-12
Let y(h) = 55067*h - 5. Give y(0).
-5
Let y(h) = h**2 - 2029*h + 78072. Calculate y(39).
462
Let t(o) = -5*o**3 + 206*o**2 + 135*o - 374. Calculate t(42).
-1760
Let g(z) = -z**2 + 8127*z + 681523. Calculate g(-83).
93
Let d(b) = b**2 - 363*b + 21418. Determine d(289).
32
Let z(j) = 2*j**2 - 6196*j - 47. What is z(0)?
-47
Let x(g) = -20*g**3 + 355*g**2 - 257*g + 24. Give x(17).
-10
Let b(c) = 24*c**2 - 2655*c + 72481. Calculate b(49).
10
Let v(s) = -2*s**3 + 5*s**2 + 1024*s - 51. Give v(0).
-51
Let x(s) = 3*s**3 + 17*s**2 - 2344*s + 375. What is x(-31)?
3
Let z(c) = 73*c**2 - 241651*c - 172178. Determine z(3311).
-6
Let s(j) = -6*j**2 + 1600*j - 22510. Determine s(15).
140
Let y(m) = 4207*m - 719411. Give y(171).
-14
Let p(l) = -5*l**3 + 27*l**2 + 144*l - 1207. Give p(9).
-1369
Let k(h) = 27541*h + 1050. Give k(0).
1050
Let a(g) = -6177*g + 240708. Determine a(39).
-195
Let l(v) = -1313*v - 5206. What is l(-6)?
2672
Let n(g) = 3*g**3 + 66*g**2 - 1661*g + 137. Determine n(-37).
-11
Let v(j) = j**3 + 20*j**2 + 2857*j + 50776. Determine v(-18).
-2
Let t(a) = -a**2 - 1515*a + 1042972. What is t(514)?
66
Let a(f) = -f**2 + 199*f + 4070. Calculate a(207).
2414
Let l(h) = 9*h**2 + 946*h - 14818. Calculate l(16).
2622
Let v(q) = 2*q**3 + 43*q**2 + 106*q + 1750. Determine v(-21).
-35
Let a(p) = 1559*p**2 + 68586*p - 222. Determine a(-44).
218
Let n(x) = 1170*x + 7764. Give n(-7).
-426
Let l(g) = -382*g**2 - 3877*g + 13. Determine l(-10).
583
Let v(r) = -186938*r - 1496153. Calculate v(-8).
-649
Let k(m) = 2717*m - 46191. Calculate k(17).
-2
Let t(r) = r**3 - 53*r**2 - 930*r - 536. Determine t(67).
0
Let t(k) = -1070*k + 63239. Determine t(59).
109
Let h(g) = 1162*g + 29020. What is h(-25)?
-30
Let f(a) = -588*a + 7285. What is f(12)?
229
Let s(o) = 1631*o + 4165. Calculate s(-3).
-728
Let n(m) = m**2 + 455*m - 32634. What is n(63)?
0
Let c(s) = 1848*s + 164478. Give c(-89).
6
Let h(a) = 1440*a - 233293. Determine h(162).
-13
Let v(o) = -18*o**2 - 143*o + 751. What is v(4)?
-109
Let m(o) = 2*o**3 + 5*o**2 - 1994*o + 4863. Determine m(29).
20
Let k(j) = -7758*j - 209458. Give k(-27).
8
Let i(r) = 3*r**2 - 2479*r - 24655. Give i(-10).
435
Let m(a) = 13127*a + 1562104. Calculate m(-119).
-9
Let t(y) = y**2 - 9*y - 48709. Calculate t(-216).
-109
Let i(d) = 4262*d + 13391. What is i(-3)?
605
Let o(l) = 2*l**2 + 392*l + 12167. What is o(-33)?
1409
Let i(c) = -3177*c - 114418. Determine i(-36).
-46
Let z(o) = -352816*o + 5997873. Determine z(17).
1
Let l(t) = -3076*t - 1085820. Calculate l(-353).
8
Let u(c) = -2999*c - 338783. Calculate u(-113).
104
Let y(a) = -6*a**3 + 47*a**2 + 45*a + 25. What is y(9)?
-137
Let v(q) = -q**3 + 6*q**2 + 381*q - 772. Give v(2).
6
Let h(o) = -13766*o + 13985. Determine h(1).
219
Let m(g) = -1468*g + 617906. Give m(421).
-122
Let n(j) = 118*j**2 - 13461*j + 1035. Determine n(114).
9
Let v(t) = 28*t**3 - 4*t**2 + 49*t - 135. Calculate v(3).
732
Let s(y) = 3*y**3 - 60*y**2 + 178*y + 698. Give s(15).
-7
Let t(y) = 73*y**3 - 18*y + 18. Give t(1).
73
Let f(y) = -3*y**3 - 130*y**2 + 224*y - 136. Calculate f(-45).
-91
Let g(d) = d**3 - 3*d**2 - 71*d + 426. What is g(8)?
178
Let z(x) = -x**3 + 9*x**2 + 2623*x - 13107. Determine z(5).
108
Let j(t) = 13*t**2 - 1885*t + 5520. Determine j(142).
-18
Let l(o) = 4*o**3 - 5*o**2 + 155*o + 1048. Calculate l(-5).
-352
Let y(f) = 295*f**3 + 5*f + 5. Give y(-1).
-295
Let b(a) = 15*a**2 + 1250*a + 3602. Determine b(-3).
-13
Let l(p) = -p**3 - 9*p**2 + 2847*p + 23270. What is l(53)?
3
Let a(